{"id":5353,"date":"2025-10-19T23:10:54","date_gmt":"2025-10-20T02:10:54","guid":{"rendered":"https:\/\/editorialjucum.com\/?page_id=5353"},"modified":"2025-10-20T13:49:59","modified_gmt":"2025-10-20T16:49:59","slug":"sitio-en-construccion-2","status":"publish","type":"page","link":"https:\/\/editorialjucum.com\/","title":{"rendered":"Sitio en construcci\u00f3n"},"content":{"rendered":"\t\t<div data-elementor-type=\"wp-page\" data-elementor-id=\"5353\" class=\"elementor elementor-5353\">\n\t\t\t\t<div class=\"elementor-element elementor-element-24a7f345 e-con-full e-flex e-con e-parent\" data-id=\"24a7f345\" data-element_type=\"container\">\n\t\t\t\t<div class=\"elementor-element elementor-element-66f00ab elementor-widget elementor-widget-image\" data-id=\"66f00ab\" data-element_type=\"widget\" data-widget_type=\"image.default\">\n\t\t\t\t\t\t\t\t\t\t\t\t\t\t\t<img fetchpriority=\"high\" decoding=\"async\" width=\"1300\" height=\"500\" src=\"https:\/\/editorialjucum.com\/wp-content\/uploads\/2025\/10\/Sitio-en-construccion-foto.png\" class=\"attachment-full size-full wp-image-5367\" alt=\"\" srcset=\"https:\/\/editorialjucum.com\/wp-content\/uploads\/2025\/10\/Sitio-en-construccion-foto.png 1300w, https:\/\/editorialjucum.com\/wp-content\/uploads\/2025\/10\/Sitio-en-construccion-foto-300x115.png 300w, https:\/\/editorialjucum.com\/wp-content\/uploads\/2025\/10\/Sitio-en-construccion-foto-1024x394.png 1024w, https:\/\/editorialjucum.com\/wp-content\/uploads\/2025\/10\/Sitio-en-construccion-foto-768x295.png 768w, https:\/\/editorialjucum.com\/wp-content\/uploads\/2025\/10\/Sitio-en-construccion-foto-600x231.png 600w\" sizes=\"(max-width: 1300px) 100vw, 1300px\" \/>\t\t\t\t\t\t\t\t\t\t\t\t\t\t\t<\/div>\n\t\t\t\t<div class=\"elementor-element elementor-element-022e8ff elementor-widget elementor-widget-qi_addons_for_elementor_animated_text\" data-id=\"022e8ff\" data-element_type=\"widget\" data-widget_type=\"qi_addons_for_elementor_animated_text.default\">\n\t\t\t\t<div class=\"elementor-widget-container\">\n\t\t\t\t\t<div class=\"qodef-shortcode qodef-m qodef-qi-animated-text qodef--alignment-center qodef-qi--has-appear qodef--appear-from-bottom\" >\n\t\t<h1 class=\"qodef-m-title\">\n\t\tSitio en construcci\u00f3n\t<\/h1>\n<\/div>\n\t\t\t\t<\/div>\n\t\t\t\t<\/div>\n\t\t\t\t<div class=\"elementor-element elementor-element-b7e4fa6 elementor-widget elementor-widget-qi_addons_for_elementor_blockquote\" data-id=\"b7e4fa6\" data-element_type=\"widget\" data-widget_type=\"qi_addons_for_elementor_blockquote.default\">\n\t\t\t\t<div class=\"elementor-widget-container\">\n\t\t\t\t\t<div class=\"qodef-shortcode qodef-m qodef-qi-blockquote qodef-layout--top qodef--icon-pack\">\n\t\t\t<div class=\"qodef-m-icon\">\n\t\t\t<svg aria-hidden=\"true\" class=\"e-font-icon-svg e-fas-tools\" viewBox=\"0 0 512 512\" xmlns=\"http:\/\/www.w3.org\/2000\/svg\"><path d=\"M501.1 395.7L384 278.6c-23.1-23.1-57.6-27.6-85.4-13.9L192 158.1V96L64 0 0 64l96 128h62.1l106.6 106.6c-13.6 27.8-9.2 62.3 13.9 85.4l117.1 117.1c14.6 14.6 38.2 14.6 52.7 0l52.7-52.7c14.5-14.6 14.5-38.2 0-52.7zM331.7 225c28.3 0 54.9 11 74.9 31l19.4 19.4c15.8-6.9 30.8-16.5 43.8-29.5 37.1-37.1 49.7-89.3 37.9-136.7-2.2-9-13.5-12.1-20.1-5.5l-74.4 74.4-67.9-11.3L334 98.9l74.4-74.4c6.6-6.6 3.4-17.9-5.7-20.2-47.4-11.7-99.6.9-136.6 37.9-28.5 28.5-41.9 66.1-41.2 103.6l82.1 82.1c8.1-1.9 16.5-2.9 24.7-2.9zm-103.9 82l-56.7-56.7L18.7 402.8c-25 25-25 65.5 0 90.5s65.5 25 90.5 0l123.6-123.6c-7.6-19.9-9.9-41.6-5-62.7zM64 472c-13.2 0-24-10.8-24-24 0-13.3 10.7-24 24-24s24 10.7 24 24c0 13.2-10.7 24-24 24z\"><\/path><\/svg>\t\t<\/div>\n\t\t\t\t<h4 class=\"qodef-m-text\">\n\t\t\tPronto podr\u00e1s acceder a todo nuestro contenido.<br>\u00a1Gracias por tu paciencia!\t\t<\/h4>\n\t<\/div>\n\t\t\t\t<\/div>\n\t\t\t\t<\/div>\n\t\t\t\t<div class=\"elementor-element elementor-element-6e5f225 elementor-widget-divider--view-line elementor-widget elementor-widget-divider\" data-id=\"6e5f225\" data-element_type=\"widget\" data-widget_type=\"divider.default\">\n\t\t\t\t\t\t\t<div class=\"elementor-divider\">\n\t\t\t<span class=\"elementor-divider-separator\">\n\t\t\t\t\t\t<\/span>\n\t\t<\/div>\n\t\t\t\t\t\t<\/div>\n\t\t<div class=\"elementor-element elementor-element-d3e17b2 e-con-full e-grid e-con e-child\" data-id=\"d3e17b2\" data-element_type=\"container\">\n\t\t\t\t<div class=\"elementor-element elementor-element-34353abe elementor-widget elementor-widget-text-editor\" data-id=\"34353abe\" data-element_type=\"widget\" data-widget_type=\"text-editor.default\">\n\t\t\t\t\t\t\t\t\t\n<p><strong>Para m\u00e1s informaci\u00f3n<br \/><\/strong>info@editorialjucum.com<br \/><a href=\"https:\/\/www.instagram.com\/editorialjucum\/\">Instagram<\/a> \/ <a href=\"https:\/\/www.facebook.com\/profile.php?id=61559751923297&amp;locale=es_ES\">Facebook<\/a><\/p>\n\t\t\t\t\t\t\t\t<\/div>\n\t\t\t\t<div class=\"elementor-element elementor-element-02bc8b5 elementor-widget elementor-widget-text-editor\" data-id=\"02bc8b5\" data-element_type=\"widget\" data-widget_type=\"text-editor.default\">\n\t\t\t\t\t\t\t\t\t\n<p><strong>Comunidad de WhatsApp<br \/><\/strong>Haz <a href=\"https:\/\/chat.whatsapp.com\/FIBMn50ZVB8GlvM9NgOanU\">click aqu\u00ed<\/a><\/p>\n\t\t\t\t\t\t\t\t<\/div>\n\t\t\t\t<div class=\"elementor-element elementor-element-3605807 elementor-widget elementor-widget-text-editor\" data-id=\"3605807\" data-element_type=\"widget\" data-widget_type=\"text-editor.default\">\n\t\t\t\t\t\t\t\t\t\n<p><strong>Inscripciones, Cat\u00e1logos y Distribuidores<br \/><\/strong>Haz <a href=\"https:\/\/linktr.ee\/editorialjucum\">click aqu\u00ed<\/a><\/p>\n\t\t\t\t\t\t\t\t<\/div>\n\t\t\t\t<\/div>\n\t\t\t\t<\/div>\n\t\t\t\t<\/div>\n\t\t","protected":false},"excerpt":{"rendered":"<p>Sitio en construcci\u00f3n Pronto podr\u00e1s acceder a todo nuestro contenido.\u00a1Gracias por tu paciencia! Para m\u00e1s informaci\u00f3ninfo@editorialjucum.comInstagram \/ Facebook Comunidad de WhatsAppHaz click aqu\u00ed Inscripciones, Cat\u00e1logos y DistribuidoresHaz click aqu\u00ed<\/p>\n","protected":false},"author":1,"featured_media":0,"parent":0,"menu_order":0,"comment_status":"closed","ping_status":"closed","template":"","meta":{"footnotes":""},"class_list":["post-5353","page","type-page","status-publish","hentry"],"_links":{"self":[{"href":"https:\/\/editorialjucum.com\/index.php\/wp-json\/wp\/v2\/pages\/5353","targetHints":{"allow":["GET"]}}],"collection":[{"href":"https:\/\/editorialjucum.com\/index.php\/wp-json\/wp\/v2\/pages"}],"about":[{"href":"https:\/\/editorialjucum.com\/index.php\/wp-json\/wp\/v2\/types\/page"}],"author":[{"embeddable":true,"href":"https:\/\/editorialjucum.com\/index.php\/wp-json\/wp\/v2\/users\/1"}],"replies":[{"embeddable":true,"href":"https:\/\/editorialjucum.com\/index.php\/wp-json\/wp\/v2\/comments?post=5353"}],"version-history":[{"count":25,"href":"https:\/\/editorialjucum.com\/index.php\/wp-json\/wp\/v2\/pages\/5353\/revisions"}],"predecessor-version":[{"id":5385,"href":"https:\/\/editorialjucum.com\/index.php\/wp-json\/wp\/v2\/pages\/5353\/revisions\/5385"}],"wp:attachment":[{"href":"https:\/\/editorialjucum.com\/index.php\/wp-json\/wp\/v2\/media?parent=5353"}],"curies":[{"name":"wp","href":"https:\/\/api.w.org\/{rel}","templated":true}]}}